pose 0 = -30*q + 90 - 390. What is k(q)?
3
Let c = 408 - 404. Let f(v) = 34*v**2 - 35*v**2 - c*v - 3*v + 4*v - 5. Give f(-4).
-9
Let r(y) = 3*y**3 + y**2 + 2*y - 9. Let j(b) = 5*b**3 - 10. Let d(a) = -2*j(a) + 3*r(a). What is d(5)?
-27
Let h(w) = w**3 + 7*w**2 - 2. Let z(k) = -k**2 + 6*k - 4. Let m(a) = -3*a**2 + 17*a - 6. Let n be m(5). Let b be z(n). Suppose -b*i = i + 35. Give h(i).
-2
Let v(q) = 2*q**3 - 2*q**2 - 4*q + 7. Let a be v(4). Suppose -85*b + 2 = -a*b. Let w(o) be the first derivative of o**4 - 2*o**3/3 - o**2/2 - 1. Calculate w(b).
-5
Let o(g) be the second derivative of -g**6/120 + 3*g**5/20 - g**4/4 + 4*g**3/3 + 24*g**2 + 41*g. Let u(q) be the first derivative of o(q). Give u(8).
24
Let z(b) be the first derivative of b**4/4 + 5*b**3/3 + 5*b**2/2 + 8*b + 910. Determine z(-4).
4
Let d(g) = -g**3 - g**2 - 1. Suppose -2*r = -2*n + 18, 4*n - r + 7 = 28. Let m = 4 - n. Give d(m).
-1
Let i(w) = w + 64 - 2*w + 2*w - 59. Suppose -3*a - a = -24. Calculate i(a).
11
Let n(y) = -5*y**3 + y**2 + 4*y - 4. Let j be (9 + -5)*(-17)/(-68). What is n(j)?
-4
Suppose -6*c = 16*c + 23*c + 315. Let i(j) = -j - 11. What is i(c)?
-4
Let x(o) = o**2 + 4*o + 1. Suppose b - 151 = -3*k, -k - 4*b + 52 = -2. Suppose -25*m = -30*m + k. Let u(y) = y**2 - 11*y + 7. Let f be u(m). What is x(f)?
-2
Let f(s) = -17*s + 117. Suppose 15*r - 166 = -59*r + 278. Calculate f(r).
15
Let f(q) = -q + 27. Let o be (-3 - -3 - -1)/(2/52). Let k be f(o). Let d(c) be the first derivative of c**4/2 - c**3/3 - c**2/2 + c + 12. What is d(k)?
1
Let s be ((-45)/(-4))/(1*(-30)/(-80)). Suppose s*y + 12 = 26*y. Let b(z) = -5*z - 2. What is b(y)?
13
Let w(j) = 343*j**2 + 16*j + 199. Let s(p) = 196*p**2 + 9*p + 112. Let i(v) = -16*s(v) + 9*w(v). Calculate i(1).
-50
Let a(c) = 21*c**3 + 157*c**2 - 185*c + 369. Let t(b) = -5*b**3 - 39*b**2 + 47*b - 92. Let w(x) = 6*a(x) + 25*t(x). Give w(31).
7
Let i(y) = -6*y - 4. Let l be i(2). Let n = 12 + l. Let o be (-4)/(-2*(-2)/16*n). Let p(r) = -r + 9. Give p(o).
5
Let w(z) = -5*z**2 - z. Let a(g) be the third derivative of 0*g + 0 + 7/12*g**4 + 5*g**2 - 13/3*g**3 - 1/60*g**5. Let y be a(12). Determine w(y).
-18
Let v(w) = -6*w + 47. Suppose -20*k = -15*k - 4*g - 46, k - 14 = -4*g. Determine v(k).
-13
Let k(w) = w**2 - 6*w + 3. Let x(v) be the second derivative of -10/3*v**3 + 25/2*v**2 + 0 - 11/6*v**4 - 1/20*v**5 - 20*v. Let i be x(-21). What is k(i)?
-5
Let t(w) = -5*w**2 - w. Let o(u) = -3*u**2 - 9*u + 8. Let v be o(1). Let h(j) = 9*j**2 + 3*j - 1. Let p(d) = v*h(d) - 7*t(d). Give p(3).
-20
Let u(w) = -16*w**2 - 7*w + 509. Let j(r) = -3*r**2 - 2*r + 101. Let y(c) = -11*j(c) + 2*u(c). Calculate y(-15).
12
Suppose 7*g = 20 + 15. Let d(r) = 8 + 0*r - r + g - 1. What is d(6)?
6
Let n = -45 - 53. Let q = n - -93. Let a(m) = m**2 + 5 - 3 + 8*m + 4. Give a(q).
-9
Let q = -29141 - -29151. Let o(w) = 21*w - 185. Calculate o(q).
25
Let j(g) be the second derivative of 5*g**3/6 - 3*g**2/2 - 2*g. Suppose -z + x = -8, 5*z - x + 12 = 28. Calculate j(z).
7
Let n(x) = 3*x**2 + 5*x + 3. Let s = -44 - -49. Suppose i = -s*l + 3 - 15, -3*l + 4*i + 2 = 0. Let b be n(l). Let h(t) = t - 4. Give h(b).
1
Let b(h) = -2*h - 1. Suppose f + 3*z - 32 - 3 = 0, 3*z = -2*f + 61. Suppose -i + f = 5. Suppose -2*g = 5*g + i. Determine b(g).
5
Let k be (-4)/6*(5 + 26/(-4)). Let y(i) = 7*i**3 + i**2 - i + 1. Let w be y(k). Let g(q) = q**3 - 7*q**2 - 11*q + 4. Determine g(w).
-20
Suppose -64*i = -66*i + 26. Suppose i*j = -11 - 2. Let f(a) = 16*a**3 + 2*a**2 + a. Determine f(j).
-15
Let h(q) = 25*q**2 + 14*q - 20. Let o(c) = -42*c**2 - 26*c + 40. Let j(d) = -5*h(d) - 3*o(d). Calculate j(-7).
-27
Let i(q) be the third derivative of -q**5/60 - 2*q**4/3 + 9*q**3/2 + 3*q**2 - 24*q. Let d(w) be the first derivative of i(w). What is d(-11)?
6
Suppose -5 = -3*t + 7. Suppose t*b = -233 + 229. Let d(i) = 9*i**3 + 2*i**2 + 2*i + 1. What is d(b)?
-8
Let o(g) = -4 + 4*g + 2*g - g**2 + 7. Suppose 4*v + 13 = -2*x + 1, 0 = -3*v + 4*x - 20. Let y(k) = -6*k - 18. Let l be y(v). Calculate o(l).
3
Let k(l) = 4*l**2 - 268*l + 263. Let z be k(66). Let g(j) = 7*j**2 + 2*j + 8. Let q(h) = 7*h**2 + 2*h + 7. Let d(m) = 6*g(m) - 7*q(m). What is d(z)?
-6
Let p(d) = -d**3 - 2*d**2 - 3*d - 3. Let x(i) = -3*i**3 + 3*i**2 + i - 11. Let c be x(-2). Let s be 4/8 + 26/4. Suppose s + c = -15*a. Calculate p(a).
3
Let x(f) = 3 + 3*f - 5 + 4 - 9 - f**2. Let g be (8/4 - 1) + 4. Determine x(g).
-17
Let r(w) be the second derivative of -w**4/12 - w**3/6 - 2*w**2 - 10685*w. Suppose 0*p + 4*p = 0. Determine r(p).
-4
Let k(x) be the third derivative of -5*x**4/24 - 101*x**3/6 - 6344*x**2. Determine k(-22).
9
Suppose -4*i - 13 = -d, -4*d - d - 15 = 0. Let o(k) = 5*k + 7. Let q(v) = 14*v + 19. Let f(n) = i*q(n) + 11*o(n). Give f(0).
1
Let c(r) = 6 + 153*r**2 - 76*r**2 - 5 - 3 - r - 80*r**2. Determine c(4).
-54
Let b(z) = -3*z**2 + 6*z + 4. Let g(y) = -y**2 + 2*y + 1. Let u(a) = 3*b(a) - 8*g(a). Give u(4).
-4
Let c be 408/238*(-7)/(-2). Let z be 0 + 2/(c*(-2)/(-30)). Let l(k) = -14*k + 30. Let a(h) = 5*h - 10. Let b(o) = -11*a(o) - 4*l(o). Calculate b(z).
-5
Let d(a) = a**3 - 7*a**2 - 9*a + 13. Suppose 42*g - 328 = g. Give d(g).
5
Let i(g) be the first derivative of g**4/4 - 3*g**3 + 6*g**2 - 9*g - 12676. Calculate i(5).
-49
Suppose 78*n - 83 = 73. Let c(h) = h + 3. Let k be c(0). Let j(x) = 11*x**2 + k*x**3 - 2*x**3 - 7*x - 4*x**n + 8. Determine j(-8).
0
Let q(f) be the second derivative of -2*f**3/3 + 24*f**2 + 963*f. Determine q(20).
-32
Let o(h) = h**3 + 4*h**2 - 4*h. Suppose 2452 = -4*n - m, -4*m + 1244 = 73*n - 75*n. Let k = n + 610. What is o(k)?
16
Let y(i) = 28 - 21 + 65 + 14*i + 104 - 31. Calculate y(-11).
-9
Let d = 26518 - 26520. Let h(x) = 14*x**2 + 17*x - 7. Give h(d).
15
Let l be 4 + 1/2*-2. Suppose 2*p + l*p - 15 = 0. Let w(h) = 0*h**3 + h**3 + 105 - 2*h**2 + 104 - 212. Calculate w(p).
6
Let b(n) = -n**2 - 5*n + 3. Let j(d) = -7*d - 43. Let w be j(-7). Let g be (-4)/w - 14/(-63)*-24. Determine b(g).
-3
Let u(b) = b**3 - 3*b**2 - 8*b - 8. Let q(f) = -2*f**3 + 7*f**2 + 16*f + 17. Let s(x) = -2*q(x) - 5*u(x). What is s(4)?
-10
Let q(t) = 2*t**3 - 11*t**2 + 42*t - 106. Let r be q(3). Let n(l) = -l**3 - 26*l**2 - 25*l - 27. Calculate n(r).
-27
Let h(s) = 101*s**3 - 4*s**2 - 5*s - 3. Let q = -21980 + 21979. What is h(q)?
-103
Let y(i) = -354*i + 13 - i**2 + 722*i - 365*i. Give y(8).
-27
Let m = 2059 + -2051. Let d(v) = -3*v**3 + 25*v**2 - 9*v. Give d(m).
-8
Let j = 49 - 33. Suppose 0 = -l + u + 2 - 6, -4*u + j = -l. Let q(t) = 3*t + 40. Let d(f) = f + 17. Let k(m) = -5*d(m) + 2*q(m). Calculate k(l).
-5
Let c(i) = i - 4. Suppose 0 = 2*h - 23 - 37. Let u(d) = 147*d - 285. Let w be u(2). Let o be ((-36)/(-20))/(w/h). Give c(o).
2
Let l(o) = -2*o**3 - 23*o**2 + 14*o + 26. Let w be 58/435 - 128/60 - 10. Give l(w).
2
Let j(a) be the first derivative of -a**4/4 - a**3/3 + 7*a**2 + 19*a + 7715. Determine j(-2).
-5
Let v(n) be the first derivative of -n**5/120 - n**4/3 + n**3/3 + 38*n + 119. Let s(q) be the third derivative of v(q). Calculate s(-6).
-2
Let m(r) be the third derivative of r**6/120 + r**5/12 + r**4/24 + 35*r**3/2 + 1253*r**2. What is m(-7)?
0
Let a(h) = 7*h + 150*h**2 - 40 - 14 - 75*h**2 - 73*h**2 + 7*h. What is a(-10)?
6
Let u(j) be the first derivative of j**2/2 + 5*j - 1. Suppose -50*q = 2*n - 47*q + 27, -3*n + 3*q = 3. Give u(n).
-1
Suppose 5*d + 38 = p, -16 = 4*d + 3*p + 41. Let s(b) = 9*b + 6 + 11 - 8*b. Give s(d).
8
Let l(u) be the second derivative of 10*u**3/3 + 5*u**2/2 + u. Let w(n) = -135286*n + 12 - 21 + 135248*n. Let x(k) = 7*l(k) + 4*w(k). What is x(-2)?
23
Let s(z) = 6*z**2 + 5 + 7*z**3 + 8*z - 4*z - 6*z**3 + 2*z. Let f = 8 + -4. Let t = -1 - f. Give s(t).
0
Let b(g) = -g**2 + 11*g - 12. Let l be b(5). Let y be (-6)/27 + 5*(-26)/(-18). Suppose 5*p = l + y. Let q(f) = -f**2 + 2*f + 5. Calculate q(p).
-10
Let z(r) = -r**3 + 7*r**2 + 10*r - 8. Let t be (14/(-10))/(3 + 144/(-45)). Let p be ((-16)/(-4) - t)/((-3)/8). Determine z(p).
8
Let t(y) = -y**3 - 121*y**2 - 17*y - 2053. Let s be t(-121). Let x = 10 - 6. Let i(p) = 2*p**3 + 0*p - 3*p - 2 - x*p**2 - p**3. Calculate i(s).
-14
Let s be ((10 + -5)/5)/((-6)/24). Let z(b) = -5*b**2 - 14*b + 5. What is z(s)?
-19
Let m(v) be the second derivative of v